{"id":59,"date":"2018-11-15T18:22:05","date_gmt":"2018-11-15T18:22:05","guid":{"rendered":"https:\/\/www.puma.uy\/?page_id=59"},"modified":"2019-04-03T17:27:37","modified_gmt":"2019-04-03T17:27:37","slug":"servicios","status":"publish","type":"page","link":"https:\/\/www.puma.uy\/index.php\/servicios\/","title":{"rendered":"SERVICIOS"},"content":{"rendered":"\n  <div class=\"banner has-hover\" id=\"banner-556529382\">\n          <div class=\"banner-inner fill\">\n        <div class=\"banner-bg fill\" >\n            <div class=\"bg fill bg-fill \"><\/div>\n                        <div class=\"overlay\"><\/div>            \n                    <\/div><!-- bg-layers -->\n        <div class=\"banner-layers container\">\n            <div class=\"fill banner-link\"><\/div>            \n   <div id=\"text-box-2001300896\" class=\"text-box banner-layer x10 md-x10 lg-x10 y50 md-y50 lg-y50 res-text\">\n                                <div class=\"text dark\">\n              \n              <div class=\"text-inner text-left\">\n                  \n<h2 class=\"uppercase\" style=\"text-align: center;\"><strong>NUESTROS SERVICIOS<\/strong><\/h2>\n              <\/div>\n           <\/div><!-- text-box-inner -->\n                            \n<style scope=\"scope\">\n\n#text-box-2001300896 {\n  width: 82%;\n}\n#text-box-2001300896 .text {\n  font-size: 100%;\n}\n<\/style>\n    <\/div><!-- text-box -->\n \n        <\/div><!-- .banner-layers -->\n      <\/div><!-- .banner-inner -->\n\n            \n<style scope=\"scope\">\n\n#banner-556529382 {\n  padding-top: 290px;\n}\n#banner-556529382 .bg.bg-loaded {\n  background-image: url(https:\/\/www.puma.uy\/wp-content\/uploads\/2018\/11\/truck-photography-logistics-photographer-tim-wallace-30-1024x661.jpg);\n}\n#banner-556529382 .overlay {\n  background-color: rgba(0,0,0,.5);\n}\n#banner-556529382 .bg {\n  background-position: 40% 32%;\n}\n<\/style>\n  <\/div><!-- .banner -->\n\n\n\t<section class=\"section\" id=\"section_2106275059\">\n\t\t<div class=\"bg section-bg fill bg-fill  bg-loaded\" >\n\n\t\t\t\n\t\t\t\n\t\t\t\n\n\t\t<\/div><!-- .section-bg -->\n\n\t\t<div class=\"section-content relative\">\n\t\t\t\n<div class=\"gap-element\" style=\"display:block; height:auto; padding-top:20px\" class=\"clearfix\"><\/div>\n<div class=\"row row-large align-center\"  id=\"row-1093094682\">\n<div class=\"col medium-4 small-9 large-4\"  ><div class=\"col-inner text-center\"  >\n\n\t\t<div class=\"icon-box featured-box icon-box-center text-center\"  >\n\t\t\t\t\t<div class=\"icon-box-img\" style=\"width: 60px\">\n\t\t\t\t<div class=\"icon\">\n\t\t\t\t\t<div class=\"icon-inner\" >\n\t\t\t\t\t\t<?xml version=\"1.0\" encoding=\"iso-8859-1\"?>\r\n<!-- Generator: Adobe Illustrator 16.0.0, SVG Export Plug-In . SVG Version: 6.00 Build 0)  -->\r\n<!DOCTYPE svg PUBLIC \"-\/\/W3C\/\/DTD SVG 1.1\/\/EN\" \"http:\/\/www.w3.org\/Graphics\/SVG\/1.1\/DTD\/svg11.dtd\">\r\n<svg version=\"1.1\" id=\"Capa_1\" xmlns=\"http:\/\/www.w3.org\/2000\/svg\" xmlns:xlink=\"http:\/\/www.w3.org\/1999\/xlink\" x=\"0px\" y=\"0px\"\r\n\t width=\"612px\" height=\"612px\" viewBox=\"0 0 612 612\" style=\"enable-background:new 0 0 612 612;\" xml:space=\"preserve\">\r\n<g>\r\n\t<path d=\"M541.322,500.219v-94.372c0-20.277-16.438-36.716-36.715-36.716h-9.598V24.598c0-3.082-1.547-5.958-4.117-7.657\r\n\t\tL467.587,1.537c-6.103-4.033-14.239,0.342-14.239,7.657v110.652l-6.945-18.734c-9.34-25.196-33.373-41.918-60.245-41.918H225.702\r\n\t\tc-27.03,0-51.169,16.916-60.394,42.323l-6.655,18.329V9.194c0-7.314-8.137-11.69-14.24-7.657L121.107,16.94\r\n\t\tc-2.571,1.699-4.118,4.575-4.118,7.657v344.534h-9.597c-20.277,0-36.715,16.438-36.715,36.716v94.372H55.035\r\n\t\tc-5.069,0-9.178,4.109-9.178,9.179v50.743c0,5.069,4.109,9.179,9.178,9.179h39.598v24.322c0,10.139,8.219,18.357,18.358,18.357\r\n\t\th48.645c10.139,0,18.358-8.219,18.358-18.357V569.32h252.014v24.322c0,10.139,8.22,18.357,18.357,18.357h48.646\r\n\t\tc10.139,0,18.357-8.219,18.357-18.357V569.32h39.598c5.07,0,9.179-4.11,9.179-9.179v-50.742c0-5.07-4.109-9.179-9.179-9.179\r\n\t\tL541.322,500.219L541.322,500.219z M170.814,170.975h270.372v90.44H170.814V170.975z M164.527,474.533H133.17\r\n\t\tc-9.581,0-17.348-7.768-17.348-17.349v-0.438c0-9.581,7.767-17.348,17.348-17.348h31.356c9.581,0,17.348,7.767,17.348,17.348v0.438\r\n\t\tC181.875,466.765,174.108,474.533,164.527,474.533z M368.398,479.648H243.602c-10.139,0-18.358-8.22-18.358-18.357V344.976\r\n\t\tc0-10.138,8.219-18.357,18.358-18.357h124.796c10.138,0,18.357,8.22,18.357,18.357v116.314\r\n\t\tC386.756,471.428,378.536,479.648,368.398,479.648z M478.829,474.533h-31.356c-9.58,0-17.348-7.768-17.348-17.349v-0.438\r\n\t\tc0-9.581,7.768-17.348,17.348-17.348h31.356c9.581,0,17.349,7.767,17.349,17.348v0.438\r\n\t\tC496.178,466.765,488.41,474.533,478.829,474.533z M365.607,393.801H246.099c-5.019,0-9.087-4.068-9.087-9.088v-0.184\r\n\t\tc0-5.019,4.068-9.086,9.087-9.086h119.508c5.019,0,9.087,4.067,9.087,9.086v0.184C374.694,389.733,370.626,393.801,365.607,393.801\r\n\t\tz M365.607,357.085H246.099c-5.019,0-9.087-4.068-9.087-9.087v-0.184c0-5.018,4.068-9.086,9.087-9.086h119.508\r\n\t\tc5.019,0,9.087,4.068,9.087,9.086v0.184C374.694,353.017,370.626,357.085,365.607,357.085z M365.607,467.232H246.099\r\n\t\tc-5.019,0-9.087-4.068-9.087-9.087v-0.184c0-5.019,4.068-9.087,9.087-9.087h119.508c5.019,0,9.087,4.068,9.087,9.087v0.184\r\n\t\tC374.694,463.164,370.626,467.232,365.607,467.232z M365.607,430.516H246.099c-5.019,0-9.087-4.068-9.087-9.086v-0.184\r\n\t\tc0-5.019,4.068-9.087,9.087-9.087h119.508c5.019,0,9.087,4.068,9.087,9.087v0.184C374.694,426.448,370.626,430.516,365.607,430.516\r\n\t\tz\"\/>\r\n<\/g>\r\n<g>\r\n<\/g>\r\n<g>\r\n<\/g>\r\n<g>\r\n<\/g>\r\n<g>\r\n<\/g>\r\n<g>\r\n<\/g>\r\n<g>\r\n<\/g>\r\n<g>\r\n<\/g>\r\n<g>\r\n<\/g>\r\n<g>\r\n<\/g>\r\n<g>\r\n<\/g>\r\n<g>\r\n<\/g>\r\n<g>\r\n<\/g>\r\n<g>\r\n<\/g>\r\n<g>\r\n<\/g>\r\n<g>\r\n<\/g>\r\n<\/svg>\r\n\t\t\t\t\t<\/div>\n\t\t\t\t<\/div>\n\t\t\t<\/div>\n\t\t\t\t<div class=\"icon-box-text last-reset\">\n\t\t\t\t\t\t\t\t\t\n<h5 class=\"uppercase\" style=\"text-align: center;\">ALINEACI\u00d3N Y BALANCEO<\/h5>\n<div style=\"text-align: center;\">Contamos con amplia experiencia en alineaci\u00f3n y balanceo de \u00f3mnibus, camiones pesados y livianos. Nuestro taller est\u00e1 equipado con todo lo necesario para brindarle un servicio confiable y de alta calidad.<\/div>\n\t\t<\/div>\n\t<\/div><!-- .icon-box -->\n\t\n\t\n<\/div><\/div>\n<div class=\"col medium-4 small-9 large-4\"  ><div class=\"col-inner text-center\"  >\n\n\t\t<div class=\"icon-box featured-box icon-box-center text-center\"  >\n\t\t\t\t\t<div class=\"icon-box-img\" style=\"width: 60px\">\n\t\t\t\t<div class=\"icon\">\n\t\t\t\t\t<div class=\"icon-inner\" >\n\t\t\t\t\t\t<?xml version=\"1.0\" encoding=\"iso-8859-1\"?>\r\n<!-- Generator: Adobe Illustrator 17.1.0, SVG Export Plug-In . SVG Version: 6.00 Build 0)  -->\r\n<!DOCTYPE svg PUBLIC \"-\/\/W3C\/\/DTD SVG 1.1\/\/EN\" \"http:\/\/www.w3.org\/Graphics\/SVG\/1.1\/DTD\/svg11.dtd\">\r\n<svg version=\"1.1\" id=\"Capa_1\" xmlns=\"http:\/\/www.w3.org\/2000\/svg\" xmlns:xlink=\"http:\/\/www.w3.org\/1999\/xlink\" x=\"0px\" y=\"0px\"\r\n\t viewBox=\"0 0 231.233 231.233\" style=\"enable-background:new 0 0 231.233 231.233;\" xml:space=\"preserve\">\r\n<path d=\"M230.505,102.78c-0.365-3.25-4.156-5.695-7.434-5.695c-10.594,0-19.996-6.218-23.939-15.842\r\n\tc-4.025-9.855-1.428-21.346,6.465-28.587c2.486-2.273,2.789-6.079,0.705-8.721c-5.424-6.886-11.586-13.107-18.316-18.498\r\n\tc-2.633-2.112-6.502-1.818-8.787,0.711c-6.891,7.632-19.27,10.468-28.836,6.477c-9.951-4.187-16.232-14.274-15.615-25.101\r\n\tc0.203-3.403-2.285-6.36-5.676-6.755c-8.637-1-17.35-1.029-26.012-0.068c-3.348,0.37-5.834,3.257-5.723,6.617\r\n\tc0.375,10.721-5.977,20.63-15.832,24.667c-9.451,3.861-21.744,1.046-28.621-6.519c-2.273-2.492-6.074-2.798-8.725-0.731\r\n\tc-6.928,5.437-13.229,11.662-18.703,18.492c-2.133,2.655-1.818,6.503,0.689,8.784c8.049,7.289,10.644,18.879,6.465,28.849\r\n\tc-3.99,9.505-13.859,15.628-25.156,15.628c-3.666-0.118-6.275,2.345-6.68,5.679c-1.016,8.683-1.027,17.535-0.049,26.289\r\n\tc0.365,3.264,4.268,5.688,7.582,5.688c10.07-0.256,19.732,5.974,23.791,15.841c4.039,9.855,1.439,21.341-6.467,28.592\r\n\tc-2.473,2.273-2.789,6.07-0.701,8.709c5.369,6.843,11.537,13.068,18.287,18.505c2.65,2.134,6.504,1.835,8.801-0.697\r\n\tc6.918-7.65,19.295-10.481,28.822-6.482c9.98,4.176,16.258,14.262,15.645,25.092c-0.201,3.403,2.293,6.369,5.672,6.755\r\n\tc4.42,0.517,8.863,0.773,13.32,0.773c4.23,0,8.461-0.231,12.692-0.702c3.352-0.37,5.834-3.26,5.721-6.621\r\n\tc-0.387-10.716,5.979-20.626,15.822-24.655c9.514-3.886,21.752-1.042,28.633,6.512c2.285,2.487,6.063,2.789,8.725,0.73\r\n\tc6.916-5.423,13.205-11.645,18.703-18.493c2.135-2.65,1.832-6.503-0.689-8.788c-8.047-7.284-10.656-18.879-6.477-28.839\r\n\tc3.928-9.377,13.43-15.673,23.65-15.673l1.43,0.038c3.318,0.269,6.367-2.286,6.768-5.671\r\n\tC231.476,120.379,231.487,111.537,230.505,102.78z M115.616,182.27c-36.813,0-66.654-29.841-66.654-66.653\r\n\ts29.842-66.653,66.654-66.653s66.654,29.841,66.654,66.653c0,12.495-3.445,24.182-9.428,34.176l-29.186-29.187\r\n\tc2.113-4.982,3.229-10.383,3.228-15.957c0-10.915-4.251-21.176-11.97-28.893c-7.717-7.717-17.978-11.967-28.891-11.967\r\n\tc-3.642,0-7.267,0.484-10.774,1.439c-1.536,0.419-2.792,1.685-3.201,3.224c-0.418,1.574,0.053,3.187,1.283,4.418\r\n\tc0,0,14.409,14.52,19.23,19.34c0.505,0.505,0.504,1.71,0.433,2.144l-0.045,0.317c-0.486,5.3-1.423,11.662-2.196,14.107\r\n\tc-0.104,0.103-0.202,0.19-0.308,0.296c-0.111,0.111-0.213,0.218-0.32,0.328c-2.477,0.795-8.937,1.743-14.321,2.225l0.001-0.029\r\n\tl-0.242,0.061c-0.043,0.005-0.123,0.011-0.229,0.011c-0.582,0-1.438-0.163-2.216-0.94c-5.018-5.018-18.862-18.763-18.862-18.763\r\n\tc-1.242-1.238-2.516-1.498-3.365-1.498c-1.979,0-3.751,1.43-4.309,3.481c-3.811,14.103,0.229,29.273,10.546,39.591\r\n\tc7.719,7.718,17.981,11.968,28.896,11.968c5.574,0,10.975-1.115,15.956-3.228l29.503,29.503\r\n\tC141.125,178.412,128.825,182.27,115.616,182.27z\"\/>\r\n<g>\r\n<\/g>\r\n<g>\r\n<\/g>\r\n<g>\r\n<\/g>\r\n<g>\r\n<\/g>\r\n<g>\r\n<\/g>\r\n<g>\r\n<\/g>\r\n<g>\r\n<\/g>\r\n<g>\r\n<\/g>\r\n<g>\r\n<\/g>\r\n<g>\r\n<\/g>\r\n<g>\r\n<\/g>\r\n<g>\r\n<\/g>\r\n<g>\r\n<\/g>\r\n<g>\r\n<\/g>\r\n<g>\r\n<\/g>\r\n<\/svg>\r\n\t\t\t\t\t<\/div>\n\t\t\t\t<\/div>\n\t\t\t<\/div>\n\t\t\t\t<div class=\"icon-box-text last-reset\">\n\t\t\t\t\t\t\t\t\t\n<h5 class=\"uppercase\" style=\"text-align: center;\">TALLER<\/h5>\n<div>Somos especialistas en la seguridad de su cami\u00f3n. Nuestro personal altamente capacitado cuenta con la experiencia necesaria adem\u00e1s de la infraestructura acorde para el correcto diagn\u00f3stico y reparaci\u00f3n de su cami\u00f3n en tiempo \u00f3ptimo.<\/div>\n\t\t<\/div>\n\t<\/div><!-- .icon-box -->\n\t\n\t\n<\/div><\/div>\n<div class=\"col medium-4 small-9 large-4\"  ><div class=\"col-inner text-center\"  >\n\n\t\t<div class=\"icon-box featured-box icon-box-center text-center\"  >\n\t\t\t\t\t<div class=\"icon-box-img\" style=\"width: 60px\">\n\t\t\t\t<div class=\"icon\">\n\t\t\t\t\t<div class=\"icon-inner\" >\n\t\t\t\t\t\t<svg height=\"512pt\" viewBox=\"0 0 512 512\" width=\"512pt\" xmlns=\"http:\/\/www.w3.org\/2000\/svg\"><path d=\"m157.492188 210.574219 8.707031-15.039063-33.574219-54.390625c-17.964844 19.285157-31.484375 42.765625-38.882812 68.796875zm0 0\"\/><path d=\"m256 233.085938c-12.636719 0-22.914062 10.277343-22.914062 22.914062s10.277343 22.914062 22.914062 22.914062 22.914062-10.277343 22.914062-22.914062-10.277343-22.914062-22.914062-22.914062zm0 0\"\/><path d=\"m344.53125 193.316406 8.6875 15.050782 63.992188-1.949219c-7.960938-25.828125-21.972657-49.023438-40.367188-67.933594zm0 0\"\/><path d=\"m423.890625 271.988281c.496094-5.265625.761719-10.597656.761719-15.988281 0-6.683594-.402344-13.277344-1.164063-19.761719l-87.289062 2.664063-26.394531-45.746094 43.921874-74.535156c-9.671874-6.898438-20.105468-12.796875-31.136718-17.558594l-41.316406 76.925781h-52.8125l-42.628907-75.332031c-10.835937 4.976562-21.0625 11.066406-30.519531 18.125l45.839844 74.257812-26.464844 45.703126-86.566406-.855469c-.503906 5.304687-.773438 10.675781-.773438 16.109375 0 6.644531.398438 13.191406 1.148438 19.636718l87.292968-2.59375 26.359376 45.765626-43.976563 74.496093c9.667969 6.910157 20.09375 12.816407 31.125 17.585938l41.375-76.898438 52.8125.039063 42.570313 75.367187c10.917968-5.003906 21.214843-11.136719 30.734374-18.253906l-45.898437-74.222656 26.429687-45.726563zm-167.890625 36.925781c-29.179688 0-52.914062-23.738281-52.914062-52.914062s23.734374-52.914062 52.914062-52.914062 52.914062 23.738281 52.914062 52.914062-23.734374 52.914062-52.914062 52.914062zm0 0\"\/><path d=\"m245.953125 147.988281h17.378906l30.292969-56.402343c-12.101562-2.769532-24.695312-4.238282-37.625-4.238282-14.296875 0-28.179688 1.792969-41.441406 5.160156zm0 0\"\/><path d=\"m437.019531 74.980469c-48.351562-48.351563-112.640625-74.980469-181.019531-74.980469s-132.667969 26.628906-181.019531 74.980469c-48.351563 48.351562-74.980469 112.640625-74.980469 181.019531s26.628906 132.667969 74.980469 181.019531c48.351562 48.351563 112.640625 74.980469 181.019531 74.980469s132.667969-26.628906 181.019531-74.980469c48.351563-48.351562 74.980469-112.640625 74.980469-181.019531s-26.628906-132.667969-74.980469-181.019531zm-181.019531 379.671875c-109.535156 0-198.652344-89.117188-198.652344-198.652344s89.117188-198.652344 198.652344-198.652344 198.652344 89.117188 198.652344 198.652344-89.117188 198.652344-198.652344 198.652344zm0 0\"\/><path d=\"m167.421875 318.617188-8.675781-15.058594-63.992188 1.902344c7.941406 25.835937 21.933594 49.039062 40.316406 67.964843zm0 0\"\/><path d=\"m354.539062 301.351562-8.695312 15.046876 33.617188 54.363281c17.949218-19.296875 31.449218-42.785157 38.832031-68.824219zm0 0\"\/><path d=\"m265.96875 364.019531-17.378906-.015625-30.339844 56.386719c12.140625 2.785156 24.777344 4.261719 37.75 4.261719 14.253906 0 28.09375-1.785156 41.320312-5.128906zm0 0\"\/><\/svg>\t\t\t\t\t<\/div>\n\t\t\t\t<\/div>\n\t\t\t<\/div>\n\t\t\t\t<div class=\"icon-box-text last-reset\">\n\t\t\t\t\t\t\t\t\t\n<h5 class=\"uppercase\" style=\"text-align: center;\">gomer\u00eda<\/h5>\n<div>Nuestro Servicio de Gomer\u00eda le ofrece tener siempre sus neum\u00e1ticos en condiciones. <br \/>De esta manera evitamos el desgaste prematuro o irregular que provoca el deterioro del neum\u00e1tico y la necesidad de su cambio.<\/div>\n\t\t<\/div>\n\t<\/div><!-- .icon-box -->\n\t\n\t\n<\/div><\/div>\n\n<style scope=\"scope\">\n\n<\/style>\n<\/div>\n<div class=\"is-divider divider clearfix\" style=\"max-width:0px;height:5px;\"><\/div><!-- .divider -->\n<h3 style=\"text-align: center;\">ALGUNOS DE NUESTROS SERVICIOS<\/h3>\n<div style=\"text-align: center;\">Cambio de neum\u00e1ticos | Rotaci\u00f3n e Inflado de neum\u00e1ticos | Reparaci\u00f3n de pinchazos | Alineaci\u00f3n y balanceo de ruedas | Desarme y arme de ruedas | Reemplazo de v\u00e1lvulas de los neum\u00e1ticos.<\/div>\n\t\t<\/div><!-- .section-content -->\n\n\t\t\n<style scope=\"scope\">\n\n#section_2106275059 {\n  padding-top: 70px;\n  padding-bottom: 70px;\n}\n<\/style>\n\t<\/section>\n\t\n<div class=\"slider-wrapper relative \" id=\"slider-12046690\" >\n    <div class=\"slider slider-nav-circle slider-nav-large slider-nav-light slider-style-normal\"\n        data-flickity-options='{\n            \"cellAlign\": \"center\",\n            \"imagesLoaded\": true,\n            \"lazyLoad\": 1,\n            \"freeScroll\": false,\n            \"wrapAround\": true,\n            \"autoPlay\": 6000,\n            \"pauseAutoPlayOnHover\" : true,\n            \"prevNextButtons\": true,\n            \"contain\" : true,\n            \"adaptiveHeight\" : true,\n            \"dragThreshold\" : 10,\n            \"percentPosition\": true,\n            \"pageDots\": true,\n            \"rightToLeft\": false,\n            \"draggable\": true,\n            \"selectedAttraction\": 0.1,\n            \"parallax\" : 0,\n            \"friction\": 0.6        }'\n        >\n        \n\t<div class=\"img has-hover x md-x lg-x y md-y lg-y\" id=\"image_189516037\">\n\t\t\t\t\t\t\t\t<div class=\"img-inner dark\" >\n\t\t\t<img width=\"1020\" height=\"680\" src=\"https:\/\/www.puma.uy\/wp-content\/uploads\/2019\/04\/Depositphotos_4875279_xl-2015-2-1024x683.jpg\" class=\"attachment-large size-large\" alt=\"\" loading=\"lazy\" srcset=\"https:\/\/www.puma.uy\/wp-content\/uploads\/2019\/04\/Depositphotos_4875279_xl-2015-2-1024x683.jpg 1024w, https:\/\/www.puma.uy\/wp-content\/uploads\/2019\/04\/Depositphotos_4875279_xl-2015-2-300x200.jpg 300w, https:\/\/www.puma.uy\/wp-content\/uploads\/2019\/04\/Depositphotos_4875279_xl-2015-2-768x512.jpg 768w, https:\/\/www.puma.uy\/wp-content\/uploads\/2019\/04\/Depositphotos_4875279_xl-2015-2-e1554330572193.jpg 1920w\" sizes=\"(max-width: 1020px) 100vw, 1020px\" \/>\t\t\t\t\t\t\n\t\t\t\t\t<\/div>\n\t\t\t\t\t\t\t\t\n<style scope=\"scope\">\n\n#image_189516037 {\n  width: 100%;\n}\n<\/style>\n\t<\/div>\n\t\n\t<div class=\"img has-hover x md-x lg-x y md-y lg-y\" id=\"image_1040579246\">\n\t\t\t\t\t\t\t\t<div class=\"img-inner dark\" >\n\t\t\t<img width=\"1020\" height=\"664\" src=\"https:\/\/www.puma.uy\/wp-content\/uploads\/2019\/04\/Depositphotos_189664860_xl-2015-1-1024x667.jpg\" class=\"attachment-large size-large\" alt=\"\" loading=\"lazy\" srcset=\"https:\/\/www.puma.uy\/wp-content\/uploads\/2019\/04\/Depositphotos_189664860_xl-2015-1-1024x667.jpg 1024w, https:\/\/www.puma.uy\/wp-content\/uploads\/2019\/04\/Depositphotos_189664860_xl-2015-1-300x195.jpg 300w, https:\/\/www.puma.uy\/wp-content\/uploads\/2019\/04\/Depositphotos_189664860_xl-2015-1-768x500.jpg 768w, https:\/\/www.puma.uy\/wp-content\/uploads\/2019\/04\/Depositphotos_189664860_xl-2015-1-e1554330552664.jpg 1920w\" sizes=\"(max-width: 1020px) 100vw, 1020px\" \/>\t\t\t\t\t\t\n\t\t\t\t\t<\/div>\n\t\t\t\t\t\t\t\t\n<style scope=\"scope\">\n\n#image_1040579246 {\n  width: 100%;\n}\n<\/style>\n\t<\/div>\n\t\n\t<div class=\"img has-hover x md-x lg-x y md-y lg-y\" id=\"image_1361309908\">\n\t\t\t\t\t\t\t\t<div class=\"img-inner dark\" >\n\t\t\t<img width=\"1020\" height=\"680\" src=\"https:\/\/www.puma.uy\/wp-content\/uploads\/2019\/04\/Depositphotos_13830681_xl-2015-2-1024x683.jpg\" class=\"attachment-large size-large\" alt=\"\" loading=\"lazy\" srcset=\"https:\/\/www.puma.uy\/wp-content\/uploads\/2019\/04\/Depositphotos_13830681_xl-2015-2-1024x683.jpg 1024w, https:\/\/www.puma.uy\/wp-content\/uploads\/2019\/04\/Depositphotos_13830681_xl-2015-2-300x200.jpg 300w, https:\/\/www.puma.uy\/wp-content\/uploads\/2019\/04\/Depositphotos_13830681_xl-2015-2-768x512.jpg 768w, https:\/\/www.puma.uy\/wp-content\/uploads\/2019\/04\/Depositphotos_13830681_xl-2015-2-e1554330577506.jpg 1920w\" sizes=\"(max-width: 1020px) 100vw, 1020px\" \/>\t\t\t\t\t\t\n\t\t\t\t\t<\/div>\n\t\t\t\t\t\t\t\t\n<style scope=\"scope\">\n\n#image_1361309908 {\n  width: 100%;\n}\n<\/style>\n\t<\/div>\n\t\n     <\/div>\n\n     <div class=\"loading-spin dark large centered\"><\/div>\n\n     <style scope=\"scope\">\n             <\/style>\n<\/div><!-- .ux-slider-wrapper -->\n\n\n","protected":false},"excerpt":{"rendered":"","protected":false},"author":1,"featured_media":0,"parent":0,"menu_order":0,"comment_status":"closed","ping_status":"closed","template":"","meta":[],"_links":{"self":[{"href":"https:\/\/www.puma.uy\/index.php\/wp-json\/wp\/v2\/pages\/59"}],"collection":[{"href":"https:\/\/www.puma.uy\/index.php\/wp-json\/wp\/v2\/pages"}],"about":[{"href":"https:\/\/www.puma.uy\/index.php\/wp-json\/wp\/v2\/types\/page"}],"author":[{"embeddable":true,"href":"https:\/\/www.puma.uy\/index.php\/wp-json\/wp\/v2\/users\/1"}],"replies":[{"embeddable":true,"href":"https:\/\/www.puma.uy\/index.php\/wp-json\/wp\/v2\/comments?post=59"}],"version-history":[{"count":38,"href":"https:\/\/www.puma.uy\/index.php\/wp-json\/wp\/v2\/pages\/59\/revisions"}],"predecessor-version":[{"id":418,"href":"https:\/\/www.puma.uy\/index.php\/wp-json\/wp\/v2\/pages\/59\/revisions\/418"}],"wp:attachment":[{"href":"https:\/\/www.puma.uy\/index.php\/wp-json\/wp\/v2\/media?parent=59"}],"curies":[{"name":"wp","href":"https:\/\/api.w.org\/{rel}","templated":true}]}}